{"id":1639,"date":"2023-01-07T18:27:34","date_gmt":"2023-01-07T17:27:34","guid":{"rendered":"https:\/\/arsandart.de\/cms\/?page_id=1639"},"modified":"2024-01-30T12:42:21","modified_gmt":"2024-01-30T11:42:21","slug":"bildhauerei","status":"publish","type":"page","link":"https:\/\/arsandart.de\/cms\/bildhauerei\/","title":{"rendered":"Bildhauerei"},"content":{"rendered":"<style type=\"text\/css\">\n#foogallery-gallery-216.fg-simple_portfolio { justify-content: center; --fg-gutter: 40px; }\n#foogallery-gallery-216.fg-simple_portfolio .fg-item { flex-basis: 250px; }<\/style>\n\t\t\t<div class=\"foogallery foogallery-container foogallery-simple_portfolio foogallery-lightbox-foobox fg-simple_portfolio fg-ready fg-light fg-loading-default fg-loaded-fade-in fg-caption-always fg-hover-fade fg-hover-zoom fg-caption-always\" id=\"foogallery-gallery-216\" data-foogallery=\"{&quot;item&quot;:{&quot;showCaptionTitle&quot;:true,&quot;showCaptionDescription&quot;:true},&quot;lazy&quot;:true}\" style=\"--fg-title-line-clamp: 0; --fg-description-line-clamp: 0;\" >\n\t<div class=\"fg-item fg-type-image fg-idle\"><figure class=\"fg-item-inner\"><a href=\"https:\/\/arsandart.de\/cms\/wp-content\/uploads\/2024\/01\/Die-Bitte-I-Cottaer-Sandstein-30X23X29-cm.jpg\" data-caption-title=\"Die Bitte (Frieden)\nCottaer Sandstein, 2023\" data-attachment-id=\"1777\" class=\"foogallery-thumb fg-thumb\" data-type=\"image\"><span class=\"fg-image-wrap\"><img fetchpriority=\"high\" decoding=\"async\" title=\"Die Bitte (Frieden)\nCottaer Sandstein, 2023\" class=\"bf-img skip-lazy fg-image\" height=\"200\" width=\"250\" data-src-fg=\"https:\/\/arsandart.de\/cms\/wp-content\/uploads\/cache\/2024\/01\/Die-Bitte-I-Cottaer-Sandstein-30X23X29-cm\/2950054124.jpg\" src=\"data:image\/svg+xml,%3Csvg%20xmlns%3D%22http%3A%2F%2Fwww.w3.org%2F2000%2Fsvg%22%20width%3D%22250%22%20height%3D%22200%22%20viewBox%3D%220%200%20250%20200%22%3E%3C%2Fsvg%3E\" loading=\"eager\"><\/span><span class=\"fg-image-overlay\"><\/span><\/a><figcaption class=\"fg-caption\"><div class=\"fg-caption-inner\"><div class=\"fg-caption-title\">Die Bitte (Frieden)\nCottaer Sandstein, 2023<\/div><\/div><\/figcaption><\/figure><div class=\"fg-loader\"><\/div><\/div><div class=\"fg-item fg-type-image fg-idle\"><figure class=\"fg-item-inner\"><a href=\"https:\/\/arsandart.de\/cms\/wp-content\/uploads\/2016\/06\/HDK-fertig.jpg\" data-caption-title=\"Die Heiligen Drei K\u00f6nige\nam Giebel des Hauses Markt 33 in Finsterwalde\" data-attachment-id=\"1634\" class=\"foogallery-thumb fg-thumb\" data-type=\"image\"><span class=\"fg-image-wrap\"><img decoding=\"async\" title=\"Die Heiligen Drei K\u00f6nige\nam Giebel des Hauses Markt 33 in Finsterwalde\" class=\"bf-img skip-lazy fg-image\" height=\"200\" width=\"250\" data-src-fg=\"https:\/\/arsandart.de\/cms\/wp-content\/uploads\/cache\/2016\/06\/HDK-fertig\/2643149513.jpg\" src=\"data:image\/svg+xml,%3Csvg%20xmlns%3D%22http%3A%2F%2Fwww.w3.org%2F2000%2Fsvg%22%20width%3D%22250%22%20height%3D%22200%22%20viewBox%3D%220%200%20250%20200%22%3E%3C%2Fsvg%3E\" loading=\"eager\"><\/span><span class=\"fg-image-overlay\"><\/span><\/a><figcaption class=\"fg-caption\"><div class=\"fg-caption-inner\"><div class=\"fg-caption-title\">Die Heiligen Drei K\u00f6nige\nam Giebel des Hauses Markt 33 in Finsterwalde<\/div><\/div><\/figcaption><\/figure><div class=\"fg-loader\"><\/div><\/div><div class=\"fg-item fg-type-image fg-idle\"><figure class=\"fg-item-inner\"><a href=\"https:\/\/arsandart.de\/cms\/wp-content\/uploads\/2016\/06\/Seite-1.jpg\" data-caption-title=\"Die Heiligen Drei K\u00f6nige\nAnsicht vor der Anbringung, Januar 2023\" data-attachment-id=\"1635\" class=\"foogallery-thumb fg-thumb\" data-type=\"image\"><span class=\"fg-image-wrap\"><img decoding=\"async\" title=\"Die Heiligen Drei K\u00f6nige\nAnsicht vor der Anbringung, Januar 2023\" class=\"bf-img skip-lazy fg-image\" height=\"200\" width=\"250\" data-src-fg=\"https:\/\/arsandart.de\/cms\/wp-content\/uploads\/cache\/2016\/06\/Seite-1\/3362277807.jpg\" src=\"data:image\/svg+xml,%3Csvg%20xmlns%3D%22http%3A%2F%2Fwww.w3.org%2F2000%2Fsvg%22%20width%3D%22250%22%20height%3D%22200%22%20viewBox%3D%220%200%20250%20200%22%3E%3C%2Fsvg%3E\" loading=\"eager\"><\/span><span class=\"fg-image-overlay\"><\/span><\/a><figcaption class=\"fg-caption\"><div class=\"fg-caption-inner\"><div class=\"fg-caption-title\">Die Heiligen Drei K\u00f6nige\nAnsicht vor der Anbringung, Januar 2023<\/div><\/div><\/figcaption><\/figure><div class=\"fg-loader\"><\/div><\/div><div class=\"fg-item fg-type-image fg-idle\"><figure class=\"fg-item-inner\"><a href=\"https:\/\/arsandart.de\/cms\/wp-content\/uploads\/2016\/06\/I.jpg\" data-caption-title=\"Detailansicht &quot;Casper&quot;\nRohfassung ohne Farbfassung und Vergoldung nach Aluguss, November 2022\" data-attachment-id=\"1636\" class=\"foogallery-thumb fg-thumb\" data-type=\"image\"><span class=\"fg-image-wrap\"><img decoding=\"async\" title=\"Detailansicht &quot;Casper&quot;\nRohfassung ohne Farbfassung und Vergoldung nach Aluguss, November 2022\" class=\"bf-img skip-lazy fg-image\" height=\"200\" width=\"250\" data-src-fg=\"https:\/\/arsandart.de\/cms\/wp-content\/uploads\/cache\/2016\/06\/I\/48686272.jpg\" src=\"data:image\/svg+xml,%3Csvg%20xmlns%3D%22http%3A%2F%2Fwww.w3.org%2F2000%2Fsvg%22%20width%3D%22250%22%20height%3D%22200%22%20viewBox%3D%220%200%20250%20200%22%3E%3C%2Fsvg%3E\" loading=\"eager\"><\/span><span class=\"fg-image-overlay\"><\/span><\/a><figcaption class=\"fg-caption\"><div class=\"fg-caption-inner\"><div class=\"fg-caption-title\">Detailansicht \"Casper\"\nRohfassung ohne Farbfassung und Vergoldung nach Aluguss, November 2022<\/div><\/div><\/figcaption><\/figure><div class=\"fg-loader\"><\/div><\/div><div class=\"fg-item fg-type-image fg-idle\"><figure class=\"fg-item-inner\"><a href=\"https:\/\/arsandart.de\/cms\/wp-content\/uploads\/2018\/02\/Charakterkopf.jpg\" data-caption-title=\"Die Frohnatur,\nPostaer Sandstein 40 X 30 X 30 cm, 2018\nPrivatbesitz Finsterwalde\" data-attachment-id=\"791\" class=\"foogallery-thumb fg-thumb\" data-type=\"image\"><span class=\"fg-image-wrap\"><img decoding=\"async\" title=\"Die Frohnatur,\nPostaer Sandstein 40 X 30 X 30 cm, 2018\nPrivatbesitz Finsterwalde\" class=\"bf-img skip-lazy fg-image\" height=\"200\" width=\"250\" data-src-fg=\"https:\/\/arsandart.de\/cms\/wp-content\/uploads\/cache\/2018\/02\/Charakterkopf\/527242444.jpg\" src=\"data:image\/svg+xml,%3Csvg%20xmlns%3D%22http%3A%2F%2Fwww.w3.org%2F2000%2Fsvg%22%20width%3D%22250%22%20height%3D%22200%22%20viewBox%3D%220%200%20250%20200%22%3E%3C%2Fsvg%3E\" loading=\"eager\"><\/span><span class=\"fg-image-overlay\"><\/span><\/a><figcaption class=\"fg-caption\"><div class=\"fg-caption-inner\"><div class=\"fg-caption-title\">Die Frohnatur,\nPostaer Sandstein 40 X 30 X 30 cm, 2018\nPrivatbesitz Finsterwalde<\/div><\/div><\/figcaption><\/figure><div class=\"fg-loader\"><\/div><\/div><div class=\"fg-item fg-type-image fg-idle\"><figure class=\"fg-item-inner\"><a href=\"https:\/\/arsandart.de\/cms\/wp-content\/uploads\/2016\/03\/neu1.jpg\" data-caption-title=\"T\u00e4nzerin, Standort vor dem Verwaltungsgeb\u00e4ude der B\u00f6llhoff GmbH in Sonnewalde, Auftragsarbeit, Bronzegu\u00df 2015, H\u00f6he 300 cm, Privatbesitz, Herr Dr. Wolfgang W. B\u00f6llhoff, Bielefeld.\" data-attachment-id=\"152\" class=\"foogallery-thumb fg-thumb\" data-type=\"image\"><span class=\"fg-image-wrap\"><img decoding=\"async\" title=\"T\u00e4nzerin, Standort vor dem Verwaltungsgeb\u00e4ude der B\u00f6llhoff GmbH in Sonnewalde, Auftragsarbeit, Bronzegu\u00df 2015, H\u00f6he 300 cm, Privatbesitz, Herr Dr. Wolfgang W. B\u00f6llhoff, Bielefeld.\" class=\"bf-img skip-lazy fg-image\" height=\"200\" width=\"250\" data-src-fg=\"https:\/\/arsandart.de\/cms\/wp-content\/uploads\/cache\/2016\/03\/neu1\/1268753244.jpg\" src=\"data:image\/svg+xml,%3Csvg%20xmlns%3D%22http%3A%2F%2Fwww.w3.org%2F2000%2Fsvg%22%20width%3D%22250%22%20height%3D%22200%22%20viewBox%3D%220%200%20250%20200%22%3E%3C%2Fsvg%3E\" loading=\"eager\"><\/span><span class=\"fg-image-overlay\"><\/span><\/a><figcaption class=\"fg-caption\"><div class=\"fg-caption-inner\"><div class=\"fg-caption-title\">T\u00e4nzerin, Standort vor dem Verwaltungsgeb\u00e4ude der B\u00f6llhoff GmbH in Sonnewalde, Auftragsarbeit, Bronzegu\u00df 2015, H\u00f6he 300 cm, Privatbesitz, Herr Dr. Wolfgang W. B\u00f6llhoff, Bielefeld.<\/div><\/div><\/figcaption><\/figure><div class=\"fg-loader\"><\/div><\/div><div class=\"fg-item fg-type-image fg-idle\"><figure class=\"fg-item-inner\"><a href=\"https:\/\/arsandart.de\/cms\/wp-content\/uploads\/2016\/03\/neu2.jpg\" data-caption-title=\"T\u00e4nzerin, R\u00fcckansicht vor dem B\u00f6llhoff Verwaltungsgeb\u00e4ude in Sonnewalde, 2015\" data-attachment-id=\"155\" class=\"foogallery-thumb fg-thumb\" data-type=\"image\"><span class=\"fg-image-wrap\"><img decoding=\"async\" title=\"T\u00e4nzerin, R\u00fcckansicht vor dem B\u00f6llhoff Verwaltungsgeb\u00e4ude in Sonnewalde, 2015\" class=\"bf-img skip-lazy fg-image\" height=\"200\" width=\"250\" data-src-fg=\"https:\/\/arsandart.de\/cms\/wp-content\/uploads\/cache\/2016\/03\/neu2\/3836585317.jpg\" src=\"data:image\/svg+xml,%3Csvg%20xmlns%3D%22http%3A%2F%2Fwww.w3.org%2F2000%2Fsvg%22%20width%3D%22250%22%20height%3D%22200%22%20viewBox%3D%220%200%20250%20200%22%3E%3C%2Fsvg%3E\" loading=\"eager\"><\/span><span class=\"fg-image-overlay\"><\/span><\/a><figcaption class=\"fg-caption\"><div class=\"fg-caption-inner\"><div class=\"fg-caption-title\">T\u00e4nzerin, R\u00fcckansicht vor dem B\u00f6llhoff Verwaltungsgeb\u00e4ude in Sonnewalde, 2015<\/div><\/div><\/figcaption><\/figure><div class=\"fg-loader\"><\/div><\/div><div class=\"fg-item fg-type-image fg-idle\"><figure class=\"fg-item-inner\"><a href=\"https:\/\/arsandart.de\/cms\/wp-content\/uploads\/2017\/05\/Adonis-und-Aprodite-Ansocht-von-vorn.jpg\" data-caption-title=\"Adonis und Aphrodite, Bronze, 112 X 45 X 32 cm, 2017, Auftragsarbeit, in Privatbesitz\/Finsterwalde\" data-attachment-id=\"408\" class=\"foogallery-thumb fg-thumb\" data-type=\"image\"><span class=\"fg-image-wrap\"><img decoding=\"async\" title=\"Adonis und Aphrodite, Bronze, 112 X 45 X 32 cm, 2017, Auftragsarbeit, in Privatbesitz\/Finsterwalde\" class=\"bf-img skip-lazy fg-image\" height=\"200\" width=\"250\" data-src-fg=\"https:\/\/arsandart.de\/cms\/wp-content\/uploads\/cache\/2017\/05\/Adonis-und-Aprodite-Ansocht-von-vorn\/3439858722.jpg\" src=\"data:image\/svg+xml,%3Csvg%20xmlns%3D%22http%3A%2F%2Fwww.w3.org%2F2000%2Fsvg%22%20width%3D%22250%22%20height%3D%22200%22%20viewBox%3D%220%200%20250%20200%22%3E%3C%2Fsvg%3E\" loading=\"eager\"><\/span><span class=\"fg-image-overlay\"><\/span><\/a><figcaption class=\"fg-caption\"><div class=\"fg-caption-inner\"><div class=\"fg-caption-title\">Adonis und Aphrodite, Bronze, 112 X 45 X 32 cm, 2017, Auftragsarbeit, in Privatbesitz\/Finsterwalde<\/div><\/div><\/figcaption><\/figure><div class=\"fg-loader\"><\/div><\/div><div class=\"fg-item fg-type-image fg-idle\"><figure class=\"fg-item-inner\"><a href=\"https:\/\/arsandart.de\/cms\/wp-content\/uploads\/2017\/09\/MYRA-2.jpg\" data-caption-title=\"Myra Mobile,  Detailansicht der Rotationsk\u00f6rper, Eisen getrieben, gekerbt, kugelgelagert\nDurchmeser zwischen 35 - 50 cm\" data-attachment-id=\"584\" class=\"foogallery-thumb fg-thumb\" data-type=\"image\"><span class=\"fg-image-wrap\"><img decoding=\"async\" title=\"Myra Mobile,  Detailansicht der Rotationsk\u00f6rper, Eisen getrieben, gekerbt, kugelgelagert\nDurchmeser zwischen 35 - 50 cm\" class=\"bf-img skip-lazy fg-image\" height=\"200\" width=\"250\" data-src-fg=\"https:\/\/arsandart.de\/cms\/wp-content\/uploads\/cache\/2017\/09\/MYRA-2\/3450676572.jpg\" src=\"data:image\/svg+xml,%3Csvg%20xmlns%3D%22http%3A%2F%2Fwww.w3.org%2F2000%2Fsvg%22%20width%3D%22250%22%20height%3D%22200%22%20viewBox%3D%220%200%20250%20200%22%3E%3C%2Fsvg%3E\" loading=\"eager\"><\/span><span class=\"fg-image-overlay\"><\/span><\/a><figcaption class=\"fg-caption\"><div class=\"fg-caption-inner\"><div class=\"fg-caption-title\">Myra Mobile,  Detailansicht der Rotationsk\u00f6rper, Eisen getrieben, gekerbt, kugelgelagert\nDurchmeser zwischen 35 - 50 cm<\/div><\/div><\/figcaption><\/figure><div class=\"fg-loader\"><\/div><\/div><div class=\"fg-item fg-type-image fg-idle\"><figure class=\"fg-item-inner\"><a href=\"https:\/\/arsandart.de\/cms\/wp-content\/uploads\/2017\/09\/MYRA-3.jpg\" data-caption-title=\"Myra Mobile,   \nAnsicht vor dem Verwaltungssitz der B\u00e4ckerei Bubner e.K., Doberlug-Kirchhain,\n\nStahl, patiniert mit Blattgoldauflagen, H\u00f6he 350 cm, 2017\" data-attachment-id=\"585\" class=\"foogallery-thumb fg-thumb\" data-type=\"image\"><span class=\"fg-image-wrap\"><img decoding=\"async\" title=\"Myra Mobile,   \nAnsicht vor dem Verwaltungssitz der B\u00e4ckerei Bubner e.K., Doberlug-Kirchhain,\n\nStahl, patiniert mit Blattgoldauflagen, H\u00f6he 350 cm, 2017\" class=\"bf-img skip-lazy fg-image\" height=\"200\" width=\"250\" data-src-fg=\"https:\/\/arsandart.de\/cms\/wp-content\/uploads\/cache\/2017\/09\/MYRA-3\/1189560459.jpg\" src=\"data:image\/svg+xml,%3Csvg%20xmlns%3D%22http%3A%2F%2Fwww.w3.org%2F2000%2Fsvg%22%20width%3D%22250%22%20height%3D%22200%22%20viewBox%3D%220%200%20250%20200%22%3E%3C%2Fsvg%3E\" loading=\"eager\"><\/span><span class=\"fg-image-overlay\"><\/span><\/a><figcaption class=\"fg-caption\"><div class=\"fg-caption-inner\"><div class=\"fg-caption-title\">Myra Mobile,   \nAnsicht vor dem Verwaltungssitz der B\u00e4ckerei Bubner e.K., Doberlug-Kirchhain,\n\nStahl, patiniert mit Blattgoldauflagen, H\u00f6he 350 cm, 2017<\/div><\/div><\/figcaption><\/figure><div class=\"fg-loader\"><\/div><\/div><div class=\"fg-item fg-type-image fg-idle\"><figure class=\"fg-item-inner\"><a href=\"https:\/\/arsandart.de\/cms\/wp-content\/uploads\/2024\/01\/Fragend-I-Cottaer-Sandstein-80X30X25-cm.jpg\" data-caption-title=\"Fragender, Cottaer Sandstein\" data-attachment-id=\"1779\" class=\"foogallery-thumb fg-thumb\" data-type=\"image\"><span class=\"fg-image-wrap\"><img decoding=\"async\" title=\"Fragender, Cottaer Sandstein\" class=\"bf-img skip-lazy fg-image\" height=\"200\" width=\"250\" data-src-fg=\"https:\/\/arsandart.de\/cms\/wp-content\/uploads\/cache\/2024\/01\/Fragend-I-Cottaer-Sandstein-80X30X25-cm\/279548334.jpg\" src=\"data:image\/svg+xml,%3Csvg%20xmlns%3D%22http%3A%2F%2Fwww.w3.org%2F2000%2Fsvg%22%20width%3D%22250%22%20height%3D%22200%22%20viewBox%3D%220%200%20250%20200%22%3E%3C%2Fsvg%3E\" loading=\"eager\"><\/span><span class=\"fg-image-overlay\"><\/span><\/a><figcaption class=\"fg-caption\"><div class=\"fg-caption-inner\"><div class=\"fg-caption-title\">Fragender, Cottaer Sandstein<\/div><\/div><\/figcaption><\/figure><div class=\"fg-loader\"><\/div><\/div><div class=\"fg-item fg-type-image fg-idle\"><figure class=\"fg-item-inner\"><a href=\"https:\/\/arsandart.de\/cms\/wp-content\/uploads\/2024\/01\/Agonie-I-Postaer-Sandstein-55X30X24-cm.jpg\" data-caption-title=\"Verzweiflung, Cottaer Sandstein\" data-attachment-id=\"1776\" class=\"foogallery-thumb fg-thumb\" data-type=\"image\"><span class=\"fg-image-wrap\"><img decoding=\"async\" title=\"Verzweiflung, Cottaer Sandstein\" class=\"bf-img skip-lazy fg-image\" height=\"200\" width=\"250\" data-src-fg=\"https:\/\/arsandart.de\/cms\/wp-content\/uploads\/cache\/2024\/01\/Agonie-I-Postaer-Sandstein-55X30X24-cm\/2667176637.jpg\" src=\"data:image\/svg+xml,%3Csvg%20xmlns%3D%22http%3A%2F%2Fwww.w3.org%2F2000%2Fsvg%22%20width%3D%22250%22%20height%3D%22200%22%20viewBox%3D%220%200%20250%20200%22%3E%3C%2Fsvg%3E\" loading=\"eager\"><\/span><span class=\"fg-image-overlay\"><\/span><\/a><figcaption class=\"fg-caption\"><div class=\"fg-caption-inner\"><div class=\"fg-caption-title\">Verzweiflung, Cottaer Sandstein<\/div><\/div><\/figcaption><\/figure><div class=\"fg-loader\"><\/div><\/div><\/div>\n\n\n<figure class=\"wp-block-gallery has-nested-images columns-default is-cropped wp-block-gallery-1 is-layout-flex wp-block-gallery-is-layout-flex\">\n<figure class=\"wp-block-image size-large\"><img loading=\"lazy\" decoding=\"async\" width=\"543\" height=\"1024\" data-id=\"1779\" src=\"https:\/\/arsandart.de\/cms\/wp-content\/uploads\/2024\/01\/Fragend-I-Cottaer-Sandstein-80X30X25-cm-543x1024.jpg\" alt=\"\" class=\"wp-image-1779\" srcset=\"https:\/\/arsandart.de\/cms\/wp-content\/uploads\/2024\/01\/Fragend-I-Cottaer-Sandstein-80X30X25-cm-543x1024.jpg 543w, https:\/\/arsandart.de\/cms\/wp-content\/uploads\/2024\/01\/Fragend-I-Cottaer-Sandstein-80X30X25-cm-159x300.jpg 159w, https:\/\/arsandart.de\/cms\/wp-content\/uploads\/2024\/01\/Fragend-I-Cottaer-Sandstein-80X30X25-cm-768x1448.jpg 768w, https:\/\/arsandart.de\/cms\/wp-content\/uploads\/2024\/01\/Fragend-I-Cottaer-Sandstein-80X30X25-cm-815x1536.jpg 815w, https:\/\/arsandart.de\/cms\/wp-content\/uploads\/2024\/01\/Fragend-I-Cottaer-Sandstein-80X30X25-cm-1087x2048.jpg 1087w, https:\/\/arsandart.de\/cms\/wp-content\/uploads\/2024\/01\/Fragend-I-Cottaer-Sandstein-80X30X25-cm-960x1809.jpg 960w, https:\/\/arsandart.de\/cms\/wp-content\/uploads\/2024\/01\/Fragend-I-Cottaer-Sandstein-80X30X25-cm.jpg 1181w\" sizes=\"auto, (max-width: 543px) 100vw, 543px\" \/><figcaption class=\"wp-element-caption\">Fragender, Cottaer Sandstein<\/figcaption><\/figure>\n\n\n\n<figure class=\"wp-block-image size-large\"><img loading=\"lazy\" decoding=\"async\" width=\"721\" height=\"1024\" data-id=\"1777\" src=\"https:\/\/arsandart.de\/cms\/wp-content\/uploads\/2024\/01\/Die-Bitte-I-Cottaer-Sandstein-30X23X29-cm-721x1024.jpg\" alt=\"\" class=\"wp-image-1777\" srcset=\"https:\/\/arsandart.de\/cms\/wp-content\/uploads\/2024\/01\/Die-Bitte-I-Cottaer-Sandstein-30X23X29-cm-721x1024.jpg 721w, https:\/\/arsandart.de\/cms\/wp-content\/uploads\/2024\/01\/Die-Bitte-I-Cottaer-Sandstein-30X23X29-cm-211x300.jpg 211w, https:\/\/arsandart.de\/cms\/wp-content\/uploads\/2024\/01\/Die-Bitte-I-Cottaer-Sandstein-30X23X29-cm-768x1091.jpg 768w, https:\/\/arsandart.de\/cms\/wp-content\/uploads\/2024\/01\/Die-Bitte-I-Cottaer-Sandstein-30X23X29-cm-1081x1536.jpg 1081w, https:\/\/arsandart.de\/cms\/wp-content\/uploads\/2024\/01\/Die-Bitte-I-Cottaer-Sandstein-30X23X29-cm-960x1364.jpg 960w, https:\/\/arsandart.de\/cms\/wp-content\/uploads\/2024\/01\/Die-Bitte-I-Cottaer-Sandstein-30X23X29-cm.jpg 1181w\" sizes=\"auto, (max-width: 721px) 100vw, 721px\" \/><figcaption class=\"wp-element-caption\">Die Bitte (Frieden)\nCottaer Sandstein, 2023<\/figcaption><\/figure>\n\n\n\n<figure class=\"wp-block-image size-large\"><img loading=\"lazy\" decoding=\"async\" width=\"679\" height=\"1024\" data-id=\"1776\" src=\"https:\/\/arsandart.de\/cms\/wp-content\/uploads\/2024\/01\/Agonie-I-Postaer-Sandstein-55X30X24-cm-679x1024.jpg\" alt=\"\" class=\"wp-image-1776\" srcset=\"https:\/\/arsandart.de\/cms\/wp-content\/uploads\/2024\/01\/Agonie-I-Postaer-Sandstein-55X30X24-cm-679x1024.jpg 679w, https:\/\/arsandart.de\/cms\/wp-content\/uploads\/2024\/01\/Agonie-I-Postaer-Sandstein-55X30X24-cm-199x300.jpg 199w, https:\/\/arsandart.de\/cms\/wp-content\/uploads\/2024\/01\/Agonie-I-Postaer-Sandstein-55X30X24-cm-768x1158.jpg 768w, https:\/\/arsandart.de\/cms\/wp-content\/uploads\/2024\/01\/Agonie-I-Postaer-Sandstein-55X30X24-cm-1019x1536.jpg 1019w, https:\/\/arsandart.de\/cms\/wp-content\/uploads\/2024\/01\/Agonie-I-Postaer-Sandstein-55X30X24-cm-960x1447.jpg 960w, https:\/\/arsandart.de\/cms\/wp-content\/uploads\/2024\/01\/Agonie-I-Postaer-Sandstein-55X30X24-cm.jpg 1181w\" sizes=\"auto, (max-width: 679px) 100vw, 679px\" \/><figcaption class=\"wp-element-caption\">Verzweiflung, Cottaer Sandstein<\/figcaption><\/figure>\n<\/figure>\n","protected":false},"excerpt":{"rendered":"","protected":false},"author":2,"featured_media":0,"parent":0,"menu_order":0,"comment_status":"closed","ping_status":"closed","template":"","meta":{"footnotes":""},"class_list":["post-1639","page","type-page","status-publish","hentry"],"_links":{"self":[{"href":"https:\/\/arsandart.de\/cms\/wp-json\/wp\/v2\/pages\/1639","targetHints":{"allow":["GET"]}}],"collection":[{"href":"https:\/\/arsandart.de\/cms\/wp-json\/wp\/v2\/pages"}],"about":[{"href":"https:\/\/arsandart.de\/cms\/wp-json\/wp\/v2\/types\/page"}],"author":[{"embeddable":true,"href":"https:\/\/arsandart.de\/cms\/wp-json\/wp\/v2\/users\/2"}],"replies":[{"embeddable":true,"href":"https:\/\/arsandart.de\/cms\/wp-json\/wp\/v2\/comments?post=1639"}],"version-history":[{"count":3,"href":"https:\/\/arsandart.de\/cms\/wp-json\/wp\/v2\/pages\/1639\/revisions"}],"predecessor-version":[{"id":1802,"href":"https:\/\/arsandart.de\/cms\/wp-json\/wp\/v2\/pages\/1639\/revisions\/1802"}],"wp:attachment":[{"href":"https:\/\/arsandart.de\/cms\/wp-json\/wp\/v2\/media?parent=1639"}],"curies":[{"name":"wp","href":"https:\/\/api.w.org\/{rel}","templated":true}]}}